 multiple of 8?
True
Is 286 a factor of 261976?
True
Does 72 divide 198861?
False
Is 44 a factor of 7187356?
True
Does 34 divide 1626560?
True
Is 995877 a multiple of 12?
False
Is 184918 a multiple of 21?
False
Is 1212357 a multiple of 13?
False
Is 1077846 a multiple of 59?
False
Is 6010926 a multiple of 544?
False
Is 65481 a multiple of 13?
True
Does 1068 divide 5983569?
False
Is 3173518 a multiple of 167?
False
Does 189 divide 6864126?
False
Is 147915 a multiple of 171?
True
Is 3 a factor of 4228818?
True
Does 11 divide 5203242?
True
Is 427112 a multiple of 81?
False
Is 1129837 a multiple of 41?
True
Is 14 a factor of 871444?
True
Is 384366 a multiple of 282?
True
Does 403 divide 5327257?
True
Is 258880 a multiple of 104?
False
Is 992 a factor of 620270?
False
Does 46 divide 6396594?
False
Is 4512 a multiple of 16?
True
Does 333 divide 2725708?
False
Does 52 divide 138115?
False
Does 6 divide 241074?
True
Is 914 a factor of 7252994?
False
Is 7 a factor of 224959?
True
Is 95464 a multiple of 200?
False
Does 52 divide 1308544?
False
Is 6910630 a multiple of 33?
False
Does 5 divide 200413?
False
Is 3105 a multiple of 2?
False
Is 181 a factor of 345348?
True
Is 19 a factor of 398723?
False
Is 7 a factor of 3807601?
True
Is 222470 even?
True
Does 212 divide 1896566?
False
Does 409 divide 1247041?
True
Does 21 divide 16632?
True
Is 1469026 a multiple of 22?
False
Does 8 divide 2393920?
True
Is 466944 a multiple of 42?
False
Is 1023168 a multiple of 32?
True
Is 547156 a multiple of 23?
False
Is 10 a factor of 2145550?
True
Is 157650 a multiple of 25?
True
Does 126 divide 8654688?
True
Is 13 a factor of 6774083?
False
Does 1183 divide 354900?
True
Does 256 divide 661504?
True
Is 1109229 a multiple of 315?
False
Does 10 divide 253279?
False
Does 963 divide 4164012?
True
Is 44358 a multiple of 29?
False
Is 21 a factor of 282954?
True
Does 36 divide 107424?
True
Is 705 a factor of 1770608?
False
Does 2 divide 24810?
True
Does 50 divide 163632?
False
Is 39170 a multiple of 540?
False
Does 20 divide 146440?
True
Is 57 a factor of 697548?
False
Is 2296998 a multiple of 200?
False
Does 90 divide 3389454?
False
Is 80290 a multiple of 155?
True
Does 224 divide 106176?
True
Does 14 divide 37618?
True
Is 1183490 even?
True
Does 29 divide 183077?
True
Is 326 a factor of 2004608?
False
Does 97 divide 10861727?
False
Does 7 divide 1540142?
False
Is 40536 a multiple of 36?
True
Is 123 a factor of 786141?
False
Is 17 a factor of 603945?
False
Does 38 divide 367182?
False
Is 35016 a multiple of 8?
True
Is 40820 a multiple of 72?
False
Does 1131 divide 6810882?
True
Does 144 divide 152784?
True
Is 14 a factor of 50680?
True
Is 527 a factor of 357306?
True
Is 221589 a multiple of 197?
False
Is 51 a factor of 37552?
False
Is 3 a factor of 21380?
False
Is 6478952 a multiple of 1232?
False
Is 35 a factor of 17795012?
False
Does 34 divide 2974524?
True
Is 208260 a multiple of 15?
True
Is 456650 a multiple of 50?
True
Is 165 a factor of 2841091?
False
Is 793950 a multiple of 150?
True
Does 54 divide 510732?
True
Does 2 divide 2978736?
True
Is 201 a factor of 61908?
True
Is 16 a factor of 16430?
False
Is 6 a factor of 415764?
True
Does 22 divide 50557?
False
Is 69 a factor of 12526074?
False
Is 36 a factor of 286777?
False
Does 52 divide 132298?
False
Is 819536 a multiple of 17?
True
Does 13 divide 399855?
False
Is 130 a factor of 160170?
False
Does 40 divide 21792?
False
Does 19 divide 105070?
True
Does 10 divide 8336665?
False
Does 6 divide 152566?
False
Does 719 divide 329454?
False
Is 19 a factor of 1932699?
True
Does 13 divide 3374585?
False
Does 107 divide 1256608?
True
Is 194700 a multiple of 15?
True
Is 261 a factor of 1598385?
False
Is 28 a factor of 112168?
True
Is 1231886 a multiple of 166?
True
Does 71 divide 55184?
False
Is 56 a factor of 1126261?
False
Is 23 a factor of 2892671?
False
Is 199497 a multiple of 42?
False
Is 187776 a multiple of 576?
True
Is 159600 a multiple of 25?
True
Is 374906 a multiple of 165?
False
Is 245151 a multiple of 144?
False
Is 12599375 a multiple of 1072?
False
Is 1058463 a multiple of 9?
True
Is 135 a factor of 1011555?
True
Is 247 a factor of 67925?
True
Is 407185 a multiple of 155?
True
Is 209 a factor of 9405?
True
Does 401 divide 131500?
False
Does 26 divide 54080?
True
Is 107 a factor of 5295438?
False
Is 22 a factor of 217052?
True
Is 49 a factor of 2206764?
True
Does 2 divide 587695?
False
Is 134 a factor of 2804486?
True
Does 126 divide 23465219?
False
Is 8 a factor of 5025877?
False
Is 74 a factor of 37888?
True
Does 266 divide 6263103?
False
Is 19 a factor of 2855092?
True
Is 39 a factor of 221910?
True
Does 420 divide 14779800?
True
Does 81 divide 11979?
False
Is 31 a factor of 6512?
False
Is 69 a factor of 1636680?
True
Does 56 divide 714065?
False
Is 21 a factor of 335748?
True
Is 2 a factor of 677614?
True
Is 480312 a multiple of 252?
True
Is 1025724 a multiple of 84?
True
Does 36 divide 506304?
True
Is 10981920 a multiple of 334?
True
Does 166 divide 26070?
False
Is 129999 a multiple of 116?
False
Does 12 divide 1289760?
True
Does 36 divide 161424?
True
Is 70 a factor of 346710?
True
Does 64 divide 96064?
True
Does 71 divide 2933436?
True
Does 16 divide 178543?
False
Does 9 divide 52956?
True
Is 478 a factor of 531536?
True
Is 29 a factor of 370417?
True
Does 20 divide 370258?
False
Is 963992 a multiple of 328?
True
Does 7 divide 137375?
True
Is 373 a factor of 215128?
False
Is 173 a factor of 7567366?
True
Is 190944 a multiple of 51?
True
Is 1586 a factor of 17869462?
True
Does 40 divide 2382080?
True
Does 219 divide 2913119?
False
Is 242 a factor of 1331822?
False
Is 1235 a factor of 1654596?
False
Is 105 a factor of 639345?
True
Does 507 divide 282716?
False
Is 14940354 a multiple of 143?
True
Is 3479160 a multiple of 15?
True
Does 21 divide 78561?
True
Is 18 a factor of 1006961?
False
Is 281610 a multiple of 18?
True
Is 45 a factor of 5024723?
False
Does 518 divide 615384?
True
Is 1802304 even?
True
Is 113375 a multiple of 21?
False
Is 835268 a multiple of 376?
False
Is 47151 a multiple of 117?
True
Is 10 a factor of 3989069?
False
Does 4 divide 55948?
True
Is 56952 a multiple of 63?
True
Is 245 a factor of 322665?
True
Is 12 a factor of 95707?
False
Is 5 a factor of 184075?
True
Is 247445 a multiple of 10?
False
Is 176 a factor of 8800?
True
Is 5657232 a multiple of 596?
True
Is 1435330 a multiple of 181?
True
Is 95 a factor of 51110?
True
Is 89 a factor of 1548956?
True
Does 8 divide 212415?
False
Is 1268156 a multiple of 172?
True
Does 85 divide 2894505?
True
Is 6226357 a multiple of 817?
True
Is 35 a factor of 136010?
True
Is 61 a factor of 433215?
False
Does 543 divide 513135?
True
Is 649096 a multiple of 469?
True
Is 5 a factor of 577309?
False
Is 139 a factor of 281892?
True
Is 668217 even?
False
Does 16 divide 174343?
False
Does 3 divide 236553?
True
Is 720972 a multiple of 6?
True
Does 821 divide 5379090?
False
Is 84 a factor of 907166?
False
Is 6603792 a multiple of 557?
True
Does 425 divide 18391?
False
Is 6 a factor of 1564315?
False
Does 22 divide 118097?
False
Does 307 divide 1514217?
False
Is 159 a factor of 2807145?
True
Does 187 divide 178772?
True
Is 259106 a multiple of 13?
False
Is 2706004 a multiple of 14?
True
Does 559 divide 1941884?
False
Is 1658661 a multiple of 11?
False
Is 108399 a multiple of 2?
False
Does 653 divide 13192559?
True
Does 11 divide 4205685?
True
Is 5 a factor of 606025?
True
Does 650 divide 466700?
True
Does 10 divide 422657?
False
Is 258 a factor of 8311585?
False
Is 155 a factor of 109895?
True
Is 1557914 a multiple of 9?
False
Does 102 divide 679720?
False
Is 158 a factor of 613040?
True
Is 258192 a multiple of 18?
True
Is 20 a factor of 112518?
False
Is 383 a factor of 8281609?
True
Is 541637 a multiple of 17?
True
Is 62 a factor of 70169?
False
Does 4 divide 149084?
True
Is 290384 a multiple of 75?
False
Is 75 a factor of 2167575?
True
Is 950660 a multiple of 737?
False
Is 17 a factor of 14115376?
False
Does 18 divide 115570?
False
Is 218 a factor of 8646882?
False
Is 18 a factor of 974230?
False
Does 60 divide 114277?
False
Is 699 a factor of 535319?
False
Is 3714118 a multiple of 834?
False
Is 4 a factor of 265226?
False
Is 3000232 a multiple of 149?
False
I